the greatest common divisor of 1573 and f?
11
Let w = -83 - -88. Suppose w*h = 2*l + 73, -8*h + 7*h - 3 = 4*l. What is the highest common divisor of 117 and h?
13
Suppose -2*h + 190 = 180. Calculate the greatest common factor of h and 180.
5
Let d(i) = 79*i + 348. Let y be d(-4). Calculate the highest common factor of y and 232.
8
Suppose 2*b - 105 - 41 = 0. Let s be (-3)/9 - b*2/(-6). What is the highest common factor of 48 and s?
24
Let k = -1 - -4. Suppose 0 = -2*u + u + k. Let c be u + (5 + -3 - -25). What is the highest common divisor of 12 and c?
6
Suppose 5*u - u - 152 = 0. Suppose -3*g + 265 = -u. Suppose 0 = -2*m + g + 29. What is the greatest common factor of m and 13?
13
Suppose -4*j - 13 = 3. Let w be j/(-8)*-4 - -27. Calculate the highest common divisor of w and 25.
25
Let m = -89 + 149. Calculate the highest common factor of m and 15.
15
Let w(v) = 6*v**2 - 3*v - 5. Let t be w(-1). What is the greatest common divisor of t and 16?
4
Let t be -76*((-1)/4)/(17 + -16). Calculate the highest common factor of 247 and t.
19
Suppose 4*w - 10 + 34 = 0. Let u be 14/(-21) - 4/w. Suppose 5*l - l - 120 = u. Calculate the greatest common divisor of l and 75.
15
Let l = 8 - -42. Suppose 3*h = -0*h + 312. Let t = h - -21. What is the greatest common factor of l and t?
25
Suppose -2*u + 432 = 4*z, 0*u + 4*u = -3*z + 324. Let k(g) = -g**3 - 5*g**2 - g + 7. Let b be k(-5). Calculate the greatest common factor of z and b.
12
Let p(q) = 137*q**2 + 20*q + 21. Let n be p(-1). Calculate the highest common factor of n and 690.
138
Suppose -n = -63*n + 55800. What is the greatest common factor of 50 and n?
50
Suppose 0 = -3*u - 4*v + 296, -92 - 382 = -5*u + 3*v. Calculate the highest common divisor of u and 48.
48
Suppose j = 5*b - 0*j + 283, b + 47 = 5*j. Let y = b + 192. Calculate the highest common divisor of y and 54.
27
Let r be (5/(-3))/((-2)/(-12)). Let k be ((-504)/(-20))/((-4)/r). What is the greatest common divisor of k and 9?
9
Let h(r) = 4*r**2 - 33*r - 16. Let s be h(11). Calculate the highest common factor of 357 and s.
21
Let p(v) = -25*v - 3. Let o be p(9). Let x be 6/(-9) + o/(-18). What is the highest common divisor of 108 and x?
12
Suppose -4*w + 2*w = 6. Let q be ((-8)/6)/(w/72). Suppose 2*m = -m + 12. What is the highest common factor of q and m?
4
Suppose -126*q + 675 = -121*q. Let o(z) = 2*z**2 + 8*z + 3. Let m be o(-6). What is the highest common factor of m and q?
27
Let f(u) = 5*u - 28. Let g be f(7). Suppose g*i - 224 = -7*i. What is the greatest common factor of 2 and i?
2
Suppose -252 = 3*x - 4*x. Suppose 13*z + x = 16*z. What is the highest common divisor of z and 28?
28
Let p(a) = 53*a + 592. Let r be p(-11). What is the highest common factor of 3 and r?
3
Let h be 3 + -1 - 3 - -68. Let t = -55 + h. Calculate the highest common divisor of 18 and t.
6
Let z be (12/7)/6 + 2236/14. Let n be ((-160)/24)/(2/(-6)). Calculate the greatest common factor of n and z.
20
Suppose 4*t = b - 16, b = -b - 4*t - 4. Suppose -k = -b*p - 34, 0 = -2*k + p + 29 + 4. Calculate the greatest common divisor of 21 and k.
7
Let w(p) = p**3 + 3*p**2 - 3*p + 2. Let s be w(-3). Let m = -78 - -80. Let x = 24 - m. What is the highest common factor of x and s?
11
Suppose 20*d - 37*d = -2346. Calculate the highest common factor of d and 460.
46
Suppose 3*w = -5*j + 2*w + 25, -4*j + 4*w - 4 = 0. Let t be (-927)/(-15) - (-2)/10. Suppose -2 + t = j*r. Calculate the greatest common factor of 10 and r.
5
Let z be -12*-15*(-1)/(-4). Suppose -11*u + 6*u - 3*j + 144 = 0, u + j = 28. Calculate the greatest common divisor of u and z.
15
Let h = -772 - -779. What is the greatest common factor of 161 and h?
7
Let u(s) = 7*s**2 - s + 2. Let h be u(-2). Suppose h = 3*m + 8. Calculate the greatest common divisor of m and 88.
8
Suppose 0 = -5*t - 2 + 7, 0 = -5*m - 2*t + 97. Let b = m - 18. Let v = 3 + b. Calculate the highest common factor of 32 and v.
4
Let t(c) = 11*c**2 - 18*c - 4. Let b be t(3). Calculate the greatest common divisor of 697 and b.
41
Suppose 0 = q - p - 314, -71*q - 302 = -72*q - 5*p. What is the greatest common divisor of 16 and q?
8
Let q be 83/(-4) + (-2)/8. Let s = q - -36. Let d = s - 9. What is the greatest common divisor of d and 54?
6
Let h(f) = 4 + 7*f - 11*f**2 + 3*f**2 - f**3 + 4*f**3 - 6*f**3. Let d be h(-4). Calculate the greatest common divisor of 10 and d.
10
Suppose 5*t = -5*p + 12 - 2, -5*t + 4*p - 8 = 0. Suppose -4*i + 208 = -t*i. Let g = 84 - 71. What is the highest common divisor of g and i?
13
Suppose -5*j + 136 = 3*a, -22*j + 24*j = -3*a + 49. What is the greatest common divisor of j and 116?
29
Let q be (-45)/6*(-48)/3. Let a be 3/(-3)*-1 + 14. What is the greatest common divisor of q and a?
15
Let y = -3 + 7. Suppose -7*b + 2*d = -4*b + 1, -y*d + 13 = 5*b. Calculate the highest common divisor of 11 and b.
1
Let b be (1/((-2)/3))/((-28)/784). Calculate the highest common factor of b and 196.
14
Let x(r) = -r**2 + 27*r - 76. Let c be x(22). Calculate the highest common factor of 544 and c.
34
Let k be 3 + (-7 - (1 - 1)). Let d(q) = q**3 + 5*q**2 + 7*q + 8. Let a be d(k). Let c be (-125 + -3)/a - -1. Calculate the greatest common factor of c and 22.
11
Suppose 6*s + 136 = 23*s. What is the greatest common factor of s and 392?
8
Let f = -10 + 13. Suppose 3*p - 2*p - 5 = f*b, -2*p = -b - 5. Suppose -3*h + p = -h. What is the greatest common divisor of 1 and h?
1
Let w(v) = v**3 - 2*v**2 - 2*v + 162. Let k be w(0). What is the highest common factor of k and 6?
6
Suppose 4*v = h - 11, -2*h - v + 10 - 6 = 0. Calculate the greatest common divisor of h and 19.
1
Suppose 820 - 670 = -15*n. Let m(o) = 6*o**3 + 11*o**2 - 4*o**3 + 8*o - 12 - o**3. Let l be m(n). Calculate the highest common divisor of 12 and l.
4
Suppose -5*j + 447 = 3*v, 0*v - 89 = -j - v. Calculate the highest common divisor of 72 and j.
18
Let u be 11*((-48)/6 + 65). Calculate the highest common divisor of 114 and u.
57
Suppose -l = -2*l. Suppose 8 + 9 = -y + j, l = 4*y + 5*j + 23. Let r be 2/(y/14 + 1). What is the greatest common divisor of 126 and r?
14
Suppose 2*j - u = j + 72, -u + 2 = 0. Suppose j - 43 = a. What is the highest common divisor of a and 124?
31
Suppose -50 = -7*t - 8. Suppose 105 + 111 = t*r. Calculate the highest common divisor of r and 36.
36
Let z = 54 - -48. Calculate the greatest common factor of 12 and z.
6
Let g(w) = -7*w + 262. Let y be g(34). Calculate the highest common factor of 30 and y.
6
Suppose -3*t - 2*k = -7*t - 16, -t = -2*k + 7. Let h be (6/(-8))/(t/168). Calculate the highest common divisor of h and 147.
21
Let f be (3775 - 10)*(-4)/(-10) - 1. Calculate the highest common divisor of f and 35.
35
Let w be 18/(-30)*20/(-6). Suppose -2*n = w*n - 92. What is the greatest common divisor of n and 184?
23
Let v(g) = g**2 - 7*g + 4. Let x be v(5). Let p(c) = -4*c - 6. Let d be p(x). What is the highest common divisor of d and 144?
18
Suppose -46 = -3*o - 7. Let n = -3 + o. What is the greatest common factor of 60 and n?
10
Let d = 10 + -6. Suppose -25 = d*y + y, 3*s - 1070 = -2*y. Suppose 17*f - 13*f - s = 0. What is the highest common factor of 18 and f?
18
Suppose -50*j + 3750 = -45*j. What is the highest common factor of 60 and j?
30
Suppose -2*n = -2*l + 2, 21 = 3*n - 0*l + 3*l. Suppose -35 = -u - 5*j + 270, 4*u = n*j + 1220. What is the greatest common divisor of u and 61?
61
Let g be (-16984)/(-176) + 3/(-2). Suppose -3*c + 17 = -97. Calculate the greatest common factor of g and c.
19
Suppose 28*d - 16128 = 4*d. Calculate the highest common factor of 105 and d.
21
Let y = 948 + -931. Let r = 13 + 72. What is the greatest common factor of r and y?
17
Let n(a) = -a**2 + 15*a + 16. Let r be n(16). Let w be 4 + (5*-51 - r). Let o = 435 + w. Calculate the greatest common factor of 23 and o.
23
Suppose 2*w = 3*x + 2*x - 33, 4*x - 2*w = 28. Let l(z) = 40*z - 2. Let v be l(x). Suppose -3*f + 0*f = -v. Calculate the greatest common factor of 6 and f.
6
Let o be (1308/8)/(1/(-2) + 1). Calculate the greatest common divisor of o and 763.
109
Let f(l) = l**2 - 20*l + 89. Let h be f(14). Calculate the highest common factor of 23 and h.
1
Suppose 2*z + 22 = 13*z. Suppose -3*f + 38 + 1 = 0. Suppose f = a - z. What is the greatest common divisor of 